tive of k**3/3 - k**2 - 9*k - 197. Is r(j) composite?
True
Suppose 0 = 2*r - 15 - 9. Let c be (r/(-10))/(3/10). Is c*2*-18 - 3 prime?
False
Let w = -363 - -631. Suppose y = 5*y - w. Is y a composite number?
False
Let q(i) = i**3 + i**2 - 49. Is q(6) a prime number?
False
Let d = -8 + 11. Suppose -3*b + 4*n + 972 = n, 0 = 5*b - 4*n - 1618. Suppose -x = 3*x + 3*l - b, -239 = -d*x - l. Is x prime?
True
Let t = 125708 - 41917. Is t composite?
False
Let z(k) = 6*k**3 + 6*k**2 + k - 7. Let g = -9 + 15. Is z(g) composite?
False
Suppose 0 = 4*f + 4*t - 7900, 3*t + 2*t = -3*f + 5929. Is f prime?
True
Suppose -11 = 6*v - 11. Suppose v = 2*q + 2*q - 1644. Is q composite?
True
Let m(c) = -318*c - 13. Is m(-4) composite?
False
Suppose 0*d + 11 = 2*c + 3*d, 10 = 3*c - 2*d. Suppose 2*h - 5*g - 12 = c*h, -20 = -2*h + 3*g. Suppose h*w - 166 = -14. Is w prime?
False
Suppose -6*w + 2*w + 32 = 0. Let n = 6 - 2. Is n/w*-2194*-1 composite?
False
Let k(h) = -103*h**2 + 12*h - 1. Let l be k(-15). Is (-1)/((-23352)/l + -1) a prime number?
True
Let b(z) = -z - 13. Let w = -4 - 8. Let t be b(w). Is (-2)/t + -1 + 148 a prime number?
True
Suppose -s + 2*s = 5*d - 152, -4*d + 5*s + 109 = 0. Let h = d - 25. Suppose -2*y - 1028 = -h*y. Is y prime?
True
Let q = -36558 + 64903. Is q a composite number?
True
Let g = -677 + 1748. Suppose -3*n = -2*s - 1080, 2*n + 5*s + g = 5*n. Suppose -2*a - 5*u = -163, -u - u = -4*a + n. Is a composite?
False
Let m be 3/(7/(56/3)). Suppose 0*x - m = 2*x. Let o(l) = 66*l**2 + 6*l + 5. Is o(x) prime?
False
Suppose 0 = 4*z + 3*y - 9, -2*z + 5*z = -4*y + 12. Is -6 + 527 + (z - 0) composite?
False
Suppose 4*p = -1923 + 23627. Is p composite?
True
Suppose 2*x = -c + 15729, -3*c = 2*x - 23067 - 24116. Is c a prime number?
True
Let r(b) = -13*b**2 - 7*b + 17. Let a(m) = -7*m**2 - 3*m + 9. Let l(p) = -5*a(p) + 2*r(p). Is l(-6) a composite number?
False
Suppose 0 = -k - n + 11, 2*n - 7 = -2*k + k. Let g be (5 + -150)*(-9)/k. Suppose 2*w - g = 43. Is w a prime number?
False
Let v = 8223 + 258. Let o = -5624 + v. Is o a composite number?
False
Let o be (216/126)/(2/(-32662)). Is 1/4*o/(-3) a prime number?
True
Suppose 13*b + 25658 - 191967 = 0. Is b prime?
False
Let f = 2478 - -309. Is f a prime number?
False
Let j(t) = -3*t - 1. Let u be j(4). Let l = u - -18. Suppose -5*b + 0*b = 3*s - 699, l*b - 701 = -2*s. Is b a prime number?
False
Let b = -2 - 3. Let r = 2 + b. Is (53/(-2))/(r/6) a prime number?
True
Let r be (6/(-3))/((-4)/6). Suppose -4*d = -3*h + 3515, -r*d = -3*h + 7*h - 4670. Is h a prime number?
False
Let s be (-2 + 1)/1 + -17. Let z be -58*1*(2 - 5)/(-6). Let f = s - z. Is f a composite number?
False
Let s(l) = -l - 1. Let p be s(1). Is (-3)/((-6)/p) - -332 prime?
True
Suppose -5*i = -2*w - 1731, 4*w - 7*w = 9. Suppose -2*t = t - i. Is t a composite number?
True
Suppose 44 = 13*t - 2*t. Suppose 3*o - 161 = t*q, 4*o - 160 = 3*q + 50. Is o prime?
False
Let d(y) = -292*y + 8. Let r be d(-5). Let q = r + -123. Is q prime?
False
Let f be (4915/5)/((-2)/(-4)). Suppose -983 = -c + 2*u, -2*c - f = -4*c + u. Is c a prime number?
True
Suppose -10858 - 30522 = -4*j. Is j prime?
False
Let r = -73 + 78. Is (19*1)/((r - -2) + -6) a composite number?
False
Suppose 3*y + 1267 = 2*l + 17537, -4*y + l + 21690 = 0. Is y prime?
False
Let j = 30 - 50. Is (-2421)/(-15) + 0 - (-8)/j composite?
True
Let i be 30/255 - (-66)/17. Suppose -603 + 2375 = i*f. Is f a composite number?
False
Let c = -58 + 74. Suppose -15*p + c*p = 379. Is p a prime number?
True
Is ((-6)/(-8) - 1)/((-83)/451852) a prime number?
True
Let u = 33731 - -86886. Is u composite?
True
Let t(n) = -54*n - 11. Let m(d) = 107*d + 23. Let u(r) = 2*m(r) + 5*t(r). Let w(f) = -952*f - 154. Let j(i) = 35*u(i) - 2*w(i). Is j(-9) a prime number?
False
Let p(y) = -y**3 + 10*y**2 - 7*y - 13. Let a be p(9). Suppose 0 = a*c - 3*c - 1958. Is c a composite number?
True
Suppose w + 706 = 2730. Suppose 791 + w = 5*m - 5*v, m - 3*v - 563 = 0. Is m a prime number?
True
Suppose -2*f - 41020 = -7*f - 4*j, -3*j = -15. Suppose -f - 11441 = -3*b. Is b composite?
False
Let j(u) = u**2 - 7*u + 9. Let y be j(6). Suppose -5*t + y*b + 23 = 0, 3*t - 2*b + 1 = 2*t. Let o(x) = 4*x**2 - 11*x + 14. Is o(t) a prime number?
False
Suppose 3*p = -5*o + 7, 0 = 5*p - 7*o + 2*o + 55. Let i = p - -9. Suppose -i*c = -5*q + 467, -2*q - 3*q + 5*c + 475 = 0. Is q a prime number?
False
Suppose 0 = -5*k + k + 4. Let y be (-3 + 7 + k)/1. Suppose 4*c + w - 2*w = 149, -y*c - 2*w = -196. Is c composite?
True
Suppose 0 = 5*z - 6*z + 10. Suppose g - 3*g = -z. Is (g + -4)/((-3)/(-69)) a prime number?
True
Is -1*2 + 5105 + 84/42 composite?
True
Suppose 0 = a - 4*a - l + 12148, -16195 = -4*a + l. Is a prime?
True
Suppose 3*f + 3*w - 44915 = -w, 4*f - w = 59874. Is f composite?
False
Let q(j) = 2*j**3 + 30*j**2 - 17*j + 16. Suppose -5*w - 67 = -4*d, -w - 4*d + 0*d = 23. Is q(w) a composite number?
False
Let z(v) = -v**3 - 7*v**2 + 11*v - 3. Let p be z(-8). Let w be 7/3 + (-18)/p. Suppose 0*d + 282 = w*d. Is d composite?
True
Let q(l) = l + 12. Let t be q(-9). Suppose -5*j - 3*a + 107 = -3*j, t*j - 4*a - 169 = 0. Is j a prime number?
False
Let o be 4/(-14) + 74/14. Suppose 2*t + 1548 = 4*l, 14*l - 10*l + 2*t = 1564. Suppose -o*f + 2*z + l = 128, f - 63 = -5*z. Is f a prime number?
True
Let s = -49929 + 101378. Is s a composite number?
False
Suppose 0 = -5*q + 7*q + 3*b - 2758, -q + 4*b + 1401 = 0. Is q composite?
True
Let t(s) = 12 - s**2 - 238*s + 262*s + 4. Is t(19) a composite number?
True
Suppose 10 = 6*u - u. Suppose 0 = y - 2*h - 1, u*h = 4*h. Is 0 - y - (-168)/3 a composite number?
True
Suppose 5*f - 5*r = 305, r + 31 + 278 = 5*f. Suppose 2*g - 116 - f = 0. Is g a composite number?
False
Let l(d) be the third derivative of -175*d**4/12 - 13*d**3/2 - 24*d**2. Is l(-4) prime?
True
Suppose 2*t = -4*d + 145026, -28805 = -2*d - 2*t + 43703. Is d prime?
False
Let a(g) = 185*g - 24. Let f be a(-6). Let m = -599 - f. Is m a prime number?
False
Let z(c) = -3*c + 5. Let k be z(0). Suppose 1575 = 5*r + k*w, -r - 1589 = -6*r + 2*w. Is r prime?
True
Let k(o) = -o**3 - 2*o**2 + 2*o + 1. Let h be k(-3). Suppose 0 = -3*p + h + 23. Let t(g) = -g**3 + 10*g**2 + 9*g - 13. Is t(p) a composite number?
False
Suppose 2*h + z = 81069, -2*h + 53526 + 27538 = 2*z. Is h a prime number?
False
Let t(r) = -419*r**2 - r. Let c be t(-1). Let m = c - -1611. Is m a prime number?
True
Let o = 90 + -86. Suppose -z + 9860 = 5*b, -2*b - o*z + 9845 = 3*b. Is b a composite number?
False
Let w(k) = 30*k**2 - 3*k + 4. Let f be w(4). Suppose g - 2*g = -f. Let m = -93 + g. Is m a composite number?
False
Let o be -1 - -1*(-15)/3. Is ((-66)/(-4))/(o/(-8)) a prime number?
False
Let a be 6 + -2 + (-5 - -365). Let f = a + 177. Is f a composite number?
False
Let a(p) = p - 16. Let d(l) = -2*l + 33. Let c(h) = 5*a(h) + 3*d(h). Is c(-3) a composite number?
True
Suppose h = -3*p + 3020, -9021 = -3*h + 3*p + p. Is h prime?
True
Let n(w) be the first derivative of w**3 + 5*w**2 - 9*w + 2. Is n(-10) composite?
False
Suppose 0 = -4*a - 5*h + 25, -5*h + 30 = 2*a + 3*a. Suppose -l = -3*j + 11, a*l - 1 - 12 = -2*j. Suppose -j*z - 705 = -7*z. Is z a prime number?
False
Let i = 1516 - -775. Is i a composite number?
True
Let m(c) = -2*c**3 - 20*c**2 - 57*c - 52. Is m(-23) a prime number?
True
Is (-3 + -482)/5*-31 a prime number?
False
Suppose -2*m + 45 = 41, 5*t - m - 23313 = 0. Is t a composite number?
False
Suppose 133 = x - 456. Let p = x + -290. Is p composite?
True
Let z(n) = 336*n**2 - 1. Let d(u) = u - 5. Let r be 28/21*(-6)/(-2). Let m be d(r). Is z(m) composite?
True
Let r be (-30)/(-3)*12/(-8). Suppose -y + 3*d + 1695 = 0, d - 886 = 2*y - 4286. Is 6/(-15) - y/r a composite number?
False
Let o = 9 + -5. Suppose r - 12 = o*j + j, -5*r + 16 = -3*j. Suppose -4*a = -3*u - r*u + 107, -44 = -2*u + 2*a. Is u a prime number?
True
Suppose -f = -3*q - 4299, -3*q + 5*f = 3803 + 496. Let h = q + 2352. Is h prime?
True
Let x(t) = 7*t**2 + 5*t - 3. Let f be x(-3). Suppose -3*i + 2 + 4 = 0. Suppose i*d - 129 = f. Is d composite?
True
Let o = 3433 + -1776. Is o composite?
False
Let d be (12/4 - 3) + 598. Let p = d - 345. Is p a composite number?
True
Suppose -w - 2*w = -4569. Suppose 17*n - w = 16*n. Is n a composit